{"id":8,"date":"2019-07-13T21:31:41","date_gmt":"2019-07-13T19:31:41","guid":{"rendered":"http:\/\/forceacademyrennes.com\/?page_id=8"},"modified":"2025-03-12T18:38:46","modified_gmt":"2025-03-12T17:38:46","slug":"bienvenue-a-la-far-35","status":"publish","type":"page","link":"https:\/\/forceacademyrennes.com\/","title":{"rendered":"Bienvenue \u00e0 la FAR 35"},"content":{"rendered":"Rejoignez nous pour pratiquer le sabre laser, toute l&#8217;ann\u00e9e ou le temps d&#8217;un cour d&#8217;essai, d\u00e9couvrir une nouvelle discipline sportive, vous amuser entre amis, ou bien encore offrir une ou plusieurs s\u00e9ances \u00e0 un proche ! https:\/\/forceacademyrennes.com\/wp-content\/uploads\/2024\/03\/Short-Film.mp4 By Romane Prat (Site Web \/ Instagram) Tournoi Saber Tour Saison 2025 DateTournoiLieu&nbsp;01 F\u00e9vrier 2025Open 95 #1Cergy(France)Runner Up15 mars 2025Breizh Open #3Rennes(France)Challenger(Sponsor ALTEN)26 avril 2025Riviera Open #1Nice (France)Runner Up21\/22 Juin 2025Open de France #8Paris (France)Major <a href=\"https:\/\/forceacademyrennes.com\/\" class=\"more-link\">(suite\u2026)<\/a>","protected":false},"excerpt":{"rendered":"<p>Rejoignez nous pour pratiquer le sabre laser, toute l&#8217;ann\u00e9e ou le temps d&#8217;un cour d&#8217;essai, d\u00e9couvrir une nouvelle discipline sportive, vous amuser entre amis, ou bien encore offrir une ou plusieurs s\u00e9ances \u00e0 un proche ! By Romane Prat (Site Web \/ Instagram) Tournoi Saber Tour Saison 2025 Date Tournoi Lieu &nbsp; 01 F\u00e9vrier 2025 &hellip; <\/p>\n<p class=\"link-more\"><a href=\"https:\/\/forceacademyrennes.com\/\" class=\"more-link\">Continuer la lecture<span class=\"screen-reader-text\"> de &laquo;&nbsp;Bienvenue \u00e0 la FAR 35&nbsp;&raquo;<\/span><\/a><\/p>\n","protected":false},"author":3,"featured_media":0,"parent":0,"menu_order":0,"comment_status":"closed","ping_status":"closed","template":"","meta":{"footnotes":""},"class_list":["post-8","page","type-page","status-publish","hentry"],"jetpack-related-posts":[],"jetpack_sharing_enabled":true,"_links":{"self":[{"href":"https:\/\/forceacademyrennes.com\/index.php\/wp-json\/wp\/v2\/pages\/8","targetHints":{"allow":["GET"]}}],"collection":[{"href":"https:\/\/forceacademyrennes.com\/index.php\/wp-json\/wp\/v2\/pages"}],"about":[{"href":"https:\/\/forceacademyrennes.com\/index.php\/wp-json\/wp\/v2\/types\/page"}],"author":[{"embeddable":true,"href":"https:\/\/forceacademyrennes.com\/index.php\/wp-json\/wp\/v2\/users\/3"}],"replies":[{"embeddable":true,"href":"https:\/\/forceacademyrennes.com\/index.php\/wp-json\/wp\/v2\/comments?post=8"}],"version-history":[{"count":61,"href":"https:\/\/forceacademyrennes.com\/index.php\/wp-json\/wp\/v2\/pages\/8\/revisions"}],"predecessor-version":[{"id":1658,"href":"https:\/\/forceacademyrennes.com\/index.php\/wp-json\/wp\/v2\/pages\/8\/revisions\/1658"}],"wp:attachment":[{"href":"https:\/\/forceacademyrennes.com\/index.php\/wp-json\/wp\/v2\/media?parent=8"}],"curies":[{"name":"wp","href":"https:\/\/api.w.org\/{rel}","templated":true}]}}