{"id":306,"date":"2019-10-20T19:59:14","date_gmt":"2019-10-20T17:59:14","guid":{"rendered":"https:\/\/forceacademyrennes.com\/index.php\/profile\/edit\/"},"modified":"2019-10-21T20:00:29","modified_gmt":"2019-10-21T18:00:29","slug":"edit","status":"publish","type":"page","link":"https:\/\/forceacademyrennes.com\/index.php\/profile\/edit\/","title":{"rendered":"Edition Profil"},"content":{"rendered":"Vous devez \u00eatre connect\u00e9 pour voir ce contenu.","protected":false},"excerpt":{"rendered":"Vous devez \u00eatre connect\u00e9 pour voir ce contenu.","protected":false},"author":1,"featured_media":0,"parent":305,"menu_order":0,"comment_status":"closed","ping_status":"closed","template":"","meta":{"footnotes":""},"class_list":["post-306","page","type-page","status-publish","hentry"],"jetpack-related-posts":[],"jetpack_sharing_enabled":true,"_links":{"self":[{"href":"https:\/\/forceacademyrennes.com\/index.php\/wp-json\/wp\/v2\/pages\/306","targetHints":{"allow":["GET"]}}],"collection":[{"href":"https:\/\/forceacademyrennes.com\/index.php\/wp-json\/wp\/v2\/pages"}],"about":[{"href":"https:\/\/forceacademyrennes.com\/index.php\/wp-json\/wp\/v2\/types\/page"}],"author":[{"embeddable":true,"href":"https:\/\/forceacademyrennes.com\/index.php\/wp-json\/wp\/v2\/users\/1"}],"replies":[{"embeddable":true,"href":"https:\/\/forceacademyrennes.com\/index.php\/wp-json\/wp\/v2\/comments?post=306"}],"version-history":[{"count":1,"href":"https:\/\/forceacademyrennes.com\/index.php\/wp-json\/wp\/v2\/pages\/306\/revisions"}],"predecessor-version":[{"id":345,"href":"https:\/\/forceacademyrennes.com\/index.php\/wp-json\/wp\/v2\/pages\/306\/revisions\/345"}],"up":[{"embeddable":true,"href":"https:\/\/forceacademyrennes.com\/index.php\/wp-json\/wp\/v2\/pages\/305"}],"wp:attachment":[{"href":"https:\/\/forceacademyrennes.com\/index.php\/wp-json\/wp\/v2\/media?parent=306"}],"curies":[{"name":"wp","href":"https:\/\/api.w.org\/{rel}","templated":true}]}}