{"id":152,"date":"2019-07-23T16:26:19","date_gmt":"2019-07-23T14:26:19","guid":{"rendered":"https:\/\/forceacademyrennes.com\/?page_id=152"},"modified":"2024-08-23T10:08:36","modified_gmt":"2024-08-23T08:08:36","slug":"newletter","status":"publish","type":"page","link":"https:\/\/forceacademyrennes.com\/index.php\/newletter\/","title":{"rendered":"Newletter"},"content":{"rendered":"Rejoindre mon audience MailchimpEnvoi du formulaire En cliquant sur Envoyer, vous acceptez de partager votre adresse e-mail avec le propri\u00e9taire du site et MailChimp afin de recevoir des messages marketing, des mises \u00e0 jour et d\u2019autres e-mails du propri\u00e9taire du site. Vous pouvez vous d\u00e9sabonner \u00e0 tout moment \u00e0 l\u2019aide du lien correspondant disponible dans ces e-mails. Traitement en cours\u2026 Termin\u00e9\u00a0! Vous figurez dans la liste. Oups\u00a0! Une erreur s\u2019est produite. Nous n\u2019avons pas pu traiter votre abonnement. Rechargez la page et r\u00e9essayez. <a href=\"https:\/\/forceacademyrennes.com\/index.php\/newletter\/\" class=\"more-link\">(suite\u2026)<\/a>","protected":false},"excerpt":{"rendered":"<p>(suite\u2026)<\/p>\n","protected":false},"author":1,"featured_media":154,"parent":0,"menu_order":0,"comment_status":"closed","ping_status":"closed","template":"","meta":{"footnotes":""},"class_list":["post-152","page","type-page","status-publish","has-post-thumbnail","hentry"],"jetpack-related-posts":[],"jetpack_sharing_enabled":true,"_links":{"self":[{"href":"https:\/\/forceacademyrennes.com\/index.php\/wp-json\/wp\/v2\/pages\/152","targetHints":{"allow":["GET"]}}],"collection":[{"href":"https:\/\/forceacademyrennes.com\/index.php\/wp-json\/wp\/v2\/pages"}],"about":[{"href":"https:\/\/forceacademyrennes.com\/index.php\/wp-json\/wp\/v2\/types\/page"}],"author":[{"embeddable":true,"href":"https:\/\/forceacademyrennes.com\/index.php\/wp-json\/wp\/v2\/users\/1"}],"replies":[{"embeddable":true,"href":"https:\/\/forceacademyrennes.com\/index.php\/wp-json\/wp\/v2\/comments?post=152"}],"version-history":[{"count":7,"href":"https:\/\/forceacademyrennes.com\/index.php\/wp-json\/wp\/v2\/pages\/152\/revisions"}],"predecessor-version":[{"id":1583,"href":"https:\/\/forceacademyrennes.com\/index.php\/wp-json\/wp\/v2\/pages\/152\/revisions\/1583"}],"wp:featuredmedia":[{"embeddable":true,"href":"https:\/\/forceacademyrennes.com\/index.php\/wp-json\/wp\/v2\/media\/154"}],"wp:attachment":[{"href":"https:\/\/forceacademyrennes.com\/index.php\/wp-json\/wp\/v2\/media?parent=152"}],"curies":[{"name":"wp","href":"https:\/\/api.w.org\/{rel}","templated":true}]}}